0
Calculate 19 + -1 + (-24 + 31 - 4) - -11.
32
What is the value of 1 + 24 + (-2 - 16)?
7
What is 26 + 12 + -29 + 12?
21
Evaluate -2 + -13 - (82 + -99).
2
2 + (7 - 2) - (5 + -5 + 3)
4
What is the value of (1 + 3 - 3) + 303 + -315?
-11
Evaluate -2 + (-7 + 7 - -1 - -3) + 1.
3
Evaluate 12 + -12 + 6 + 5 + -9 - -10.
12
What is the value of (-19 - -5) + 5 - (6 - -1 - 1)?
-15
4 - (-7 - (3 + (-5 - -1)))
10
Calculate -6 + (-8 - (-4 + 4)).
-14
What is -26 + (-14 - (-18 + -15))?
-7
0 + -2 + (-14 - (1 + -12)) - -27
22
What is the value of -13 + (82 - 40) - 24?
5
What is 1 - (6 + 11 + -4 + -27)?
15
-16 + -11 - (5 - 19)
-13
What is the value of (-1 - 1) + 6 - (11 + (-6 - 7))?
6
What is (-2 + 9 - 15) + -4 + -6 + 0?
-18
15 + 4 + (11 - 4 - (17 + -10))
19
Evaluate 14 + -11 + -11 + 2 + 15.
9
Evaluate -62 + 90 + (-32 - -5).
1
Evaluate (14 - 8) + -48 - -57.
15
Evaluate 7 - (15 + -6) - 8.
-10
-1 + (0 - (-4 + -1) - 6) - -10
8
What is the value of (-11 - 8) + 21 + -3 + (7 - -1)?
7
(-11 - -20) + -30 + 10 + 0
-11
(3 - (-4 + -8)) + 0 + -6
9
What is 17 - (-29 + 40) - 7?
-1
What is the value of -2 + -12 - (146 - 157)?
-3
What is the value of 6 + 7 + (3 - 26)?
-10
Calculate 30 + 29 + -31 + -26.
2
(-26 - (7 + -9)) + 23
-1
Evaluate (0 - 14 - 17) + 14 + 31.
14
Evaluate -9 - ((11 - 13) + -13).
6
84 - 64 - (22 + 6)
-8
What is the value of 2 - (-1 - 0 - -8 - (847 - 822))?
20
What is the value of 38 + 13 + -29 + -10?
12
Calculate 18 + (11 - (11 - ((10 - 2) + 0))).
26
What is the value of -1 - (3 - 9 - (-6 + -3 + 2))?
-2
Evaluate 9 + (-6 - -24) + -38.
-11
What is -21 - (11 + -19 + -2 - -11 - -7)?
-29
Evaluate 448 + -449 + (-10 - -2).
-9
Calculate 9 - 6 - (-4 - -9 - -3).
-5
Evaluate 0 + -2 + (7 - 23 - -11).
-7
Calculate (1 - 7) + 1 + 1 + 7 + -25.
-22
6 + (-2 - (-13 - (0 - 7) - -1))
9
Calculate 0 + -26 + 9 + -10.
-27
Calculate 2 - (0 - (-7 + 5) - (-1 + -11)).
-12
Calculate (3 - -29) + (-603 - -568).
-3
What is (-21 - -19) + 0 + -1 + 4?
1
(47 + -37 - (-1 + -2)) + -32
-19
29 - ((-1 - -6) + (39 - 33))
18
33 - (8 + (5 - (15 - 13)))
22
Evaluate -32 + -20 - (31 - 59).
-24
Evaluate -15 + -3 + (-104 - -105 - (1 - -6)).
-24
What is -9 + 4 + -10 + 16?
1
(9 - (28 + -9)) + 7
-3
What is 3 + (11 - (-7 + 8)) + 11?
24
What is the value of (165 - 142) + (-4 - 16)?
3
What is 8 + (6 - 20) - (-7 + 0 - -1)?
0
Calculate 52 + -29 - -19 - 37.
5
What is the value of (11 - (4 - 0)) + -15?
-8
Calculate 19 - (6 + (-16 + 14 - (-1 + 6))).
20
Calculate (8 - 8 - -5) + -12 + (-2 - -6).
-3
What is 29 + 1 + (13 - 30) - 20?
-7
Calculate 0 + 6 + -3 + 10.
13
What is (3 - (-7 - 2)) + (19 - 19)?
12
(-2 + 8 - 5) + -20 + 10
-9
What is the value of 3 + (7 - 3) + -8 + 7 + -8?
-2
What is the value of -55 + (14 - (-38 - -30))?
-33
16 - -10 - -24 - 33
17
Evaluate (14 + -2 - -1) + -5.
8
What is the value of -4 - (-8 + 5 + 5 - -7)?
-13
-3 - (-4 - 2) - (-10 - -8 - 5)
10
What is the value of 0 + (0 - (0 + 4)) + 14?
10
What is -8 - ((4 - (3 + 5)) + -28) - 9?
15
Evaluate -5 + -17 + -39 + 55.
-6
What is the value of -9 + (-4 + 1 - (8 - 4 - 11))?
-5
(-7 - 0) + 25 + 1 + -11
8
20 + -22 + 14 + -16
-4
What is the value of 47 + (3 + (10 - 8) - 16)?
36
Calculate 11 - 0 - (-4 - 2).
17
What is the value of -12 - -2 - ((-16 - (4 - 9)) + -5)?
6
What is the value of (23 - 58) + 5 + 14?
-16
Evaluate (32 - (-29 - -60)) + -11.
-10
What is 2 + -1 + 34 + -32 + 1 + 3?
7
Evaluate -5 + -2 - (11 + -27 + -8) - -5.
22
What is the value of -1 - (6 - (9 + -14) - 20)?
8
Evaluate 21 - (16 - (-31 + 20)).
-6
What is 25 - (6 - 1) - 9?
11
32 - (-13 + 26 + 7)
12
Calculate 1 - 4 - (49 - 47).
-5
Evaluate 18 - (-1 - (-1 + -2 - (-19 - -10))).
25
What is (-17 - (-13 + (-12 - -13))) + 4?
-1
Evaluate 0 - -10 - 6 - (-4 - -17) - -1.
-8
What is the value of -5 + 5 + 29 - 11?
18
What is the value of -4 - (5 - (-3 + (14 - (-4 - -4))))?
2
Evaluate 9 - 3 - (-23 - (-20 - -9)).
18
41 + (-34 - -25 - 21)
11
Evaluate -79 + 84 + 4 + -13.
-4
What is the value of 10 - (-26 + 16 - -16) - (-2 - 5)?
11
Evaluate -5 + (-23 - -13) + 1 + -10.
-24
Evaluate (14 - (-6 - -7)) + -15.
-2
What is the value of -26 + (4 - (-46 + 32))?
-8
3 - (9 - (16 + -11))
-1
What is (-43 - -84) + -44 + (-1 - 0)?
-4
Evaluate 18 + 1 + -12 + -7 + 2 + -2.
0
-30 + 8 - 4 - (-48 + 44)
-22
What is -13 - (-11 - (-1 + -7))?
-10
What is the value of (0 - 4) + 4 - (24 + -13)?
-11
Evaluate -5 + 7 + -9 - -11 - (11 - 3).
-4
What is -8 + 25 + -13 - 11?
-7
Calculate -9 - (2 + -14 + -2).
5
Calculate 0 + -4 + 7 + 17 + -9 + -16.
-5
What is -24 + -3 + (24 - 0)?
-3
Calculate -16 - (0 + 12 + -15 - -3).
-16
Calculate -6 - -1 - (4 + 2 + -4).
-7
What is the value of 6 + (0 - ((-3 - -5) + -6) - -1)?
11
Calculate -15 - (3 - 16) - (-3 + -1).
2
What is the value of 3 + (-5 - -9 - (20 + -3))?
-10
Calculate 0 + -35 + 15 + 4.
-16
What is the value of -9 - (-2 + (-32 - -21) + 2 + 2)?
0
Evaluate 10 + (-13 - (2 + -10)) + -17.
-12
What is the value of -44 + 54 + (1 - (2 - -1))?
8
Calculate 123 + -129 + -4 + 18 + -7 + 4.
5
What is -18 - (-19 - (-4 + 2))?
-1
(2 - (-75 + 19)) + -26
32
What is -3 - (-1 - -5) - (13 + -7 - 2)?
-11
-13 - 2 - (-2 + -7 + 11)
-17
What is 11 + 9 + -14 - (1 - 1)?
6
Evaluate -9 - (-21 + 6 + 0) - -11.
17
What is the value of 31 + (-63 - -39) + (-9 + -1 - -1)?
-2
What is (-9 + 7 - 10) + (-3 - (-1 - -7))?
-21
What is -9 + (2 - (2 - ((-6 - 0) + 10)))?
-5
Evaluate -1 + 32 + -27 + (-8 - (-2 - -1)).
-3
Calculate 2 - 0 - (-4 - (4 - (13 + 3))).
-6
What is 34 - (0 - (0 + -15))?
19
What is (-4 + 21 - 7) + 3?
13
Evaluate (-41 - (13 + -32)) + 34.
12
Calculate (-1 - -5) + (1 - 2 - (10 + -13)).
6
What is -16 - (-7 + (12 - -15) + -17)?
-19
What is the value of -2 + (10 - (15 - 9) - -3)?
5
What is the value of (-20 - -23) + (0 - (3 + -2)) + -4?
-2
What is the value of 37 + (1 - (17 + 8))?
13
Calculate (2 - 4) + 3 + (14 - 12) - 23.
-20
-12 + 5 + (-5 - (-3 + 1) - 4)
-14
Evaluate -16 - (-10 - 4 - -1).
-3
Evaluate -52 - (-8 - 19) - 1.
-26
Evaluate -11 + (-19 + 2 - (-11 - 1)).
-16
What is the value of 8 - (-30 + -7 + 21 + -4)?
28
Calculate -3 + -3 - -24 - 23.
-5
-10 + -2 + (1 + 4 - 2) + -1
-10
What is the value of 5 + 0 - ((0 - 16) + 4 + -4)?
21
Evaluate 8 - (1 - (10 - 10)).
7
What is the value of 137 + -111 + -49 + 2?
-21
Evaluate 5 + 10 + (43 - 37).
21
4 - (23 - 16) - (-4 + 0)
1
What is -7 + (15 - 1) - -1?
8
Evaluate (26 + -4 - (-44 + 59)) + -18.
-11
What is the value of 1 - (7 + 6 + -5 + -5 + 10)?
-12
Evaluate 50 + -60 + (19 - -2) - 2.
9
What is 6 - (11 + 2 + -4)?
-3
What is the value of 1 - 14 - (-1 + -24)?
12
What is the value of -7 + (10 - 1) + 1 + 8?
11
What is the value of (27 - 4) + (-62 - -40)?
1
Calculate 6 + (-1 - -1 - (-68 + 62) - 8).
4
Calculate 12 - 17 - (-25 - (-3 + -3)).
14
6 - (15 - (-4 + 6 + 3))
-4
-8 + (-12 - (-15 + -3) - -17)
15
(-5 - 1) + -6 + 24
12
Calculate -1 + 18 - ((-23 + 7 - -12) + 11).
10
What is 12 + (17 - 9) + -10 + 4?
14
Calculate 5 + 3 + (-47 - -36).
-3
Evaluate -35 - (-1 + 0 + (41 - 52)).
-23
What is -30 - -2 - (10 + -59)?
21
(27 - (38 + -47)) + -29
7
Calculate 15 - -1 - (126 + -121) - (-27 - -1).
37
Evaluate -11 + (7 - 16) + 3.
-17
What is the value of -22 + 5 + -11 + 6 + 1 + 3?
-18
Calculate (5 - ((4 - 2 - -4) + -16)) + -3.
12
0 + -1 - (-11 + (16 - 0)) - -2
-4
Evaluate 1 + 2 - (200 + -168) - -9.
-20
0 - (-2 - 5 - (-23 - 2))
-18
Evaluate -13 - -5 - (70 + -72).
-6
51 - -3 - ((68 - 37) + -16)
39
What is the value of 1 - 0 - (-21 - (-5 - 11 - -8))?
14
-15 + (-42 + 87 - 9)
21
Calculate (20 + -51 - -23) + 18.
10
What is (29 - 5 - -3) + -9 + 4?
22
What is the value of (19 - 11 - 3) + 0 + -3 + -12?
-10
What is 1 + 1 + (29 - (1 + 20))?
10
Evaluate 1 + -12 - (0 - -8 - (-57 - -66)).
-10
Evaluate -16 + (31 - 56) - -15.
-26
What is 2 - (1 + -6 - -10) - (43 + -18)?
-28
Evaluate -6 + (2 - -8) + 0 + (-13 - 2).
-11
Calculate -15 + (7 + -18 + 9 - -14).
-3
What is -3 + -7 + -2 + 21?
9
(1 - 14 - 3) + -1
-17
-4 + (-28 - (27 + -59))
0
What is (10 - (-2 + -8)) + -15?
5
Evaluate -146 + 146 + (-1 + (3 - -26) - -4).
32
What is the value of (10 - (15 + -17)) + -7?
5
3 - (-21 + 15) - 16
-7
-34 - (5 + 9 + -33)
-15
Calculate 1 + -8 + (-11 - (-15 + 12 + 0)).
-15
Evaluate 17 - (-9 - (-2 - 36)).
-12
What is the value of (-1 - 12) + (-44 - -42) + (-1 - 0)?
-16
What is the value of -1 + -22 + 46 - 9?
14
Evaluate -3 + 4 + 0 + (-2 - 0) - -13.
12
What 